ulate the highest common factor of t and 12.
12
Let o(f) = -f**2 - 5*f + 7. Let z = -4 - -3. Let s = z - 4. Let t be o(s). What is the highest common divisor of t and 1?
1
Let u be (-3 - 17/2)/((-3)/6). Calculate the greatest common divisor of u and 69.
23
Let s(x) = -x**2 + 10*x - 1. Let k be s(10). Let t be (48/18)/(k/(-27)). Calculate the greatest common factor of 18 and t.
18
Let z = 0 + -2. Let x = 3 + z. Let b be 9*x/(1/8). Calculate the highest common divisor of 24 and b.
24
Let j = 0 + 8. Let m = 2 + -4. Let v(s) = -2*s**3 - 3*s**2 - 3*s - 2. Let t be v(m). Calculate the greatest common divisor of t and j.
8
Let y be ((-3 - -4)*-7)/(0 - 1). Calculate the greatest common divisor of y and 63.
7
Let t = 25 - 6. What is the greatest common divisor of t and 38?
19
Suppose 8 = 5*j - j + 4*m, -3*j + 38 = -5*m. Calculate the greatest common divisor of j and 48.
6
Suppose -o = o. Suppose 5*u - 4*h = 80, -2*u + 6*u - 2*h - 58 = o. Suppose -144 = -8*y + 4*y. Calculate the greatest common factor of y and u.
12
Let q be 2/(-6) - (-80)/6. Let w be ((-4290)/45)/(4/(-6)). Calculate the greatest common divisor of w and q.
13
Let m be -5*(3 + (-174)/10). Let s = -18 + m. What is the highest common divisor of 18 and s?
18
Let v = -36 + 66. Let u = v - 21. Let g = 170 + -89. Calculate the greatest common divisor of g and u.
9
Suppose -4*b + 59 + 41 = 0. Calculate the highest common divisor of 75 and b.
25
Let n be 3 + 23 + (-2)/(-2). Suppose 0 = 4*l + n - 87. Calculate the greatest common divisor of l and 135.
15
Let s(q) = q**3 - 7*q**2 + q - 5. Let g be s(7). What is the greatest common divisor of 8 and g?
2
Suppose 2*r - 23 = -3*c + 43, 5*c + 118 = 3*r. Let u = 21 - 14. Let m be u/2*4 - 2. Calculate the highest common divisor of m and r.
12
Suppose 8 = 5*f - 7. Suppose -4*z + 3*z + 6 = 0. Calculate the highest common factor of z and f.
3
Suppose -120 = -4*d - 4*a, d - 55 = 3*a + a. Let y = -2 - -9. What is the greatest common divisor of y and d?
7
Suppose -2*j - 17 + 209 = 0. What is the greatest common divisor of j and 12?
12
Suppose 4*i - 60 = 4*l, 0 = -5*i - 5*l + 31 - 6. Suppose 5 = -5*n + i. Calculate the greatest common divisor of n and 1.
1
Let b be (-2)/(4 + -5 + -1). Let o = -4 + 6. What is the greatest common divisor of o and b?
1
Suppose -25 = -6*t + t. Let v be (14/3)/(t/30). What is the greatest common factor of v and 7?
7
Let m = 15 - 11. Suppose 0 = -2*z + 4*w + 18, -2*z = 3*z + 5*w. Suppose 4*v - 140 = 3*f, 5*f = -2*v - z + 47. Calculate the highest common factor of m and v.
4
Suppose -18 = u + 2*u. Let v be (-24 - 0)/4 - -3. Let f = v - u. Calculate the highest common divisor of f and 2.
1
Suppose 2*z - 7 = -3. Suppose -3*b + 6 = -b. What is the highest common divisor of z and b?
1
Suppose 0 = -3*o - 42 + 156. Let y = 62 - o. What is the greatest common factor of y and 36?
12
Suppose -40 = -4*v - 4*u, -5*v + 0*u = -3*u - 74. Calculate the greatest common divisor of v and 91.
13
Let v = 42 + 7. Let m = 26 - v. Let j = m - -53. Calculate the greatest common factor of j and 10.
10
Let i = -102 + 158. Calculate the highest common divisor of 8 and i.
8
Let d be 5*(5 + (-65)/25). Calculate the highest common divisor of d and 36.
12
Let t(d) = d**2 - 2*d - 2. Let s be t(5). Suppose -5*y - 10 = -5, s = 2*j - 3*y. What is the greatest common divisor of j and 35?
5
Let i = 4 + 10. Let x be (402/8)/((-4)/(-16)). Let z = -89 + x. Calculate the greatest common divisor of i and z.
14
Let r = -16 + 25. What is the greatest common factor of 9 and r?
9
Suppose 3*r - 54 = -0*r. Let n = r - 3. What is the greatest common divisor of n and 165?
15
Let q(h) = -26*h + 2. Let l be q(-5). Suppose -4*x - 4*w = -68, -w + 4*w = -2*x + 39. What is the greatest common divisor of x and l?
12
Let r(g) = 0 + 10*g**3 - 2 - 2*g**3 + 3*g - 2*g**2. Let c(w) = -w - 9. Let i be c(-11). Let x be r(i). Calculate the highest common divisor of x and 24.
12
Let g = -3 - -13. What is the greatest common divisor of g and 25?
5
Let x be -41*(-17)/((-3)/(-3)). Suppose 3*c - x = -202. What is the greatest common factor of 15 and c?
15
Suppose 0 = -o + 5*o - 60. Suppose -704 = 2*d - 7*d + 4*f, d - 5*f = 124. Let n = -24 + d. Calculate the highest common factor of n and o.
15
Let q be -3 - 35/(-2)*2. Calculate the highest common factor of q and 16.
16
Let h = -21 + 51. Calculate the highest common factor of h and 30.
30
Let g = -1 + 5. Let i = g - 4. Let h = 9 + i. What is the greatest common factor of 18 and h?
9
Let u(d) = d**3 - 4*d**2 + 11*d - 4. Let h(b) = -6*b - 5. Let j be h(-2). Let z be u(j). Calculate the greatest common divisor of z and 20.
20
Suppose 4*r - 26 - 34 = 0. Calculate the highest common divisor of 5 and r.
5
Suppose 7*m = 4*m + 270. What is the highest common divisor of m and 36?
18
Let c = -9 + 13. Suppose -2*j = -v + c*v - 25, -3*j = 2*v - 15. Let u be 0*(-3)/v - -8. What is the greatest common factor of 64 and u?
8
Let q be ((-712)/6)/(-2) + (-52)/(-78). Calculate the greatest common factor of 45 and q.
15
Suppose -r + 3*h = -18, r - 34 = -4*h - h. Let p = 651 + -635. What is the greatest common divisor of r and p?
8
Suppose -3*t - 20 = -t. Let v(j) = j**2 + 10*j + 4. Let i be v(t). Suppose i*x - 50 = -x. Calculate the greatest common divisor of x and 90.
10
Let h(b) = b**3 + 9*b**2 + 4*b - 3. Let q be h(-6). Suppose i + 2*i - q = 0. What is the greatest common factor of i and 3?
3
Suppose 0 = 2*j - j - o - 10, 5*j - 54 = 4*o. Suppose -4 + j = 2*b. What is the greatest common factor of b and 5?
5
Let l(k) = -k - 3. Let p be l(-5). Suppose 0 = p*u - 7 - 11. Let d(o) = 4*o**2 - o. Let s be d(1). What is the greatest common factor of s and u?
3
Suppose 4*l + l - 5*h - 465 = 0, l = -5*h + 123. Let u = -44 + l. Calculate the highest common factor of u and 18.
18
Let q be (64/(-10))/((-2)/5). What is the greatest common divisor of 64 and q?
16
Let k(q) = q + 8. Let v be k(0). What is the highest common divisor of v and 88?
8
Let o(v) = -v**2 - 34. Let u be o(0). Let z = 89 + u. What is the highest common factor of 5 and z?
5
Suppose m - 15 = -3. Suppose -m*n + 39 = -9*n. Let r be 2/(-2*1) + 53. What is the highest common divisor of n and r?
13
Suppose -30 = -5*d + 3*y, -4*d + 3*d - 5*y = -34. Suppose 15 = c - d. What is the highest common factor of 6 and c?
6
Let f = -10 + 6. Let l(p) be the first derivative of -p**2 - 4*p + 9. Let s be l(f). What is the highest common divisor of 36 and s?
4
Let i(l) = l**2 + 3. Let v be i(0). Suppose v*k - 15 = -2*k. Calculate the greatest common factor of 21 and k.
3
Let c be ((-10)/(-6))/((-1)/(-12)). Suppose -2*j + 0*j + 24 = -4*d, 2*d + 2*j + 24 = 0. Let n = 12 - d. What is the greatest common divisor of n and c?
20
Let o = 27 - 13. Calculate the highest common factor of 28 and o.
14
Let w(r) = 13*r + 10*r - 8*r + 0*r - 3. Let h be w(3). Suppose -54 = -3*f + h. Calculate the highest common factor of 8 and f.
8
Let b be (-4)/(-8) + 252/8. What is the greatest common divisor of 16 and b?
16
Let f = -130 - -188. Let s = 26 + f. What is the highest common factor of 21 and s?
21
Let q(y) = 9*y + 90. Let w be q(-9). Calculate the highest common divisor of w and 99.
9
Suppose d = 2*m, d - 11 - 1 = -4*m. Calculate the highest common factor of 6 and m.
2
Let t = 10 - 12. Let j be 1 + (-2 - t) - -3. Calculate the greatest common factor of j and 20.
4
Suppose -5*h + 10*h = 420. Calculate the highest common factor of 12 and h.
12
Suppose 0 = 5*c + 2*y, -c + 3*c + 16 = -4*y. What is the greatest common divisor of c and 14?
2
Let v be -1 + 123 - (-2 - -3). What is the greatest common factor of 11 and v?
11
Suppose 33 = -5*c - 52. Let r = 14 - c. Let b = 51 - r. Calculate the greatest common divisor of b and 5.
5
Let g(r) = 4*r**2 - 9*r. Let c be g(6). Let f(x) = x**3 + 9*x**2 + 11*x + 10. Let h be f(-7). Let u = -22 + h. What is the greatest common divisor of u and c?
9
Let s = -29 + 78. Calculate the greatest common factor of 21 and s.
7
Suppose 34 + 2 = 4*p. Let d = -54 + 81. What is the highest common divisor of d and p?
9
Let r be (8 - 1)*96/14. Suppose 5*b + z = r, -2*b - z + 29 = 11. What is the highest common divisor of b and 60?
10
Let h = 42 + -14. Suppose -2*m - 4*n + 98 + 10 = 0, -3*m - 3*n + 153 = 0. Let q = m + -6. What is 